{"id":716,"date":"2017-09-18T17:31:34","date_gmt":"2017-09-18T17:31:34","guid":{"rendered":"https:\/\/dev.hotelesms.com\/ms-2\/?page_id=716"},"modified":"2019-05-24T11:26:37","modified_gmt":"2019-05-24T16:26:37","slug":"habitacion-superior","status":"publish","type":"page","link":"https:\/\/dev.hotelesms.com\/hotel-pacifico-chipichape\/habitacion-superior\/","title":{"rendered":"Habitaci\u00f3n Superior"},"content":{"rendered":"<section class=\"l-section wpb_row height_auto width_full\"><div class=\"l-section-h i-cf\"><div class=\"g-cols vc_row type_default valign_top\"><div class=\"vc_col-sm-12 wpb_column vc_column_container\"><div class=\"vc_column-inner\"><div class=\"wpb_wrapper\">[rev_slider_vc alias=&#8221;doble-estandar&#8221;]\r\n\t<div class=\"wpb_text_column \">\r\n\t\t<div class=\"wpb_wrapper\">\r\n\t\t\t    <div class=\"container-fluid timer\">\r\n    <form id=\"hotelesmsform\">\r\n\r\n    <input type=\"hidden\" name=\"LanguageID\" value=\"2\">\r\n    <input type=\"hidden\" name=\"HotelID\" value=\"107479\">\r\n\r\n        <div class=\"container\">\r\n            <div class=\"row\">\r\n                <div class=\"col-xs-12 timer__content-wrapper\">\r\n                    <div class=\"timer__content\">\r\n   \r\n                        <div class=\"timer__numbers\">\r\n                            <h2 class=\"timer__title\">Encuentra la mejor\r\n                            <br>Tarifa Online MS<\/h2>\r\n                            <div class=\"timer__numbers-group\">\r\n                                <div class=\"timer__numbers-item checkin\">\r\n<input type=\"text\" class=\"date-checkin date\" id=\"date-checkin\" name=\"DateIn\">\r\n                                    <h4 class=\"timer__numbers-item__title\">CHECK IN<\/h4>\r\n                                    <div class=\"timer__numbers-item__content\">\r\n                                        <h3 class=\"timer__numbers-item__number\"><\/h3>\r\n                                        <h4 class=\"timer__numbers-item__label\">  <\/h4>\r\n                                    <\/div>\r\n                                <\/div>\r\n                                <div class=\"timer__numbers-item checkout\">\r\n<input type=\"text\" class=\"date-checkout date\" id=\"date-checkout\" name=\"DateOut\">\r\n\r\n                                    <h4 class=\"timer__numbers-item__title\">CHECK OUT<\/h4>\r\n                                    <div class=\"timer__numbers-item__content\">\r\n                                        <h3 class=\"timer__numbers-item__number\"><\/h3>\r\n                                        <h4 class=\"timer__numbers-item__label\">  <\/h4>\r\n                                    <\/div>\r\n                                <\/div>\r\n                            <\/div>\r\n                            <div class=\"timer__numbers-group\">\r\n                                <div class=\"timer__numbers-item adults\">\r\n\r\n <select name=\"Adults\" class=\"adults-input\" id=\"adults\">\r\n                                            <option>1<\/option>\r\n                                            <option selected=\"selected\">2<\/option>\r\n                                            <option>3<\/option>\r\n                                            <option>4<\/option>\r\n                                            <option>5<\/option>\r\n                                            <option>6<\/option>\r\n                                            <option>7<\/option>\r\n                                            <option>8<\/option>\r\n                                            <option>9<\/option>\r\n                                            <option>10<\/option>\r\n   \r\n                                        <\/select>\r\n                                    <h4 class=\"timer__numbers-item__title\">ADULTOS<\/h4>\r\n                                    <div class=\"timer__numbers-item__content\">\r\n                                        <h3 class=\"timer__numbers-item__number\">2<\/h3>\r\n                                       \r\n                                    <\/div>\r\n                                <\/div>\r\n                                <div class=\"timer__numbers-item children\">\r\n\r\n <select  class=\"children-input\" id=\"child\" name=\"Children\">\r\n                                            <option selected=\"selected\">0<\/option>\r\n                                            <option>1<\/option>\r\n                                            <option>2<\/option>\r\n                                            <option>3<\/option>\r\n                                            <option>4<\/option>\r\n                                            <option>5<\/option>\r\n                                            <option>6<\/option>\r\n                                            <option>7<\/option>\r\n                                            <option>8<\/option>\r\n                                            <option>9<\/option>\r\n                                            <option>10<\/option><\/select>\r\n                                    <h4 class=\"timer__numbers-item__title\">NI\u00d1OS<\/h4>\r\n                                    <div class=\"timer__numbers-item__content\">\r\n                                        <h3 class=\"timer__numbers-item__number\">0<\/h3>\r\n            \r\n                                    <\/div>\r\n                                <\/div>\r\n                            <\/div>\r\n       \r\n<input class=\"timer__btn\" type=\"submit\" id=\"\" value=\"\u00a1Reserve ya!\" formtarget=\"_blank\">\r\n                        <\/div>\r\n\r\n                    <\/div>\r\n                <\/div>\r\n            <\/div>\r\n        <\/div>\r\n        <\/form>\r\n    <\/div>\n\r\n\t\t<\/div>\r\n\t<\/div>\r\n<\/div><\/div><\/div><\/div><\/div><\/section><section class=\"l-section wpb_row height_small with_video\"><div class=\"l-section-video\"><video muted loop autoplay preload=\"auto\"><source type=\"video\/mp4\" src=\"0\" \/><\/video><\/div><div class=\"l-section-h i-cf\"><div class=\"g-cols vc_row type_default valign_top\"><div class=\"vc_col-sm-8 wpb_column vc_column_container\"><div class=\"vc_column-inner\"><div class=\"wpb_wrapper\">\r\n\t<div class=\"wpb_text_column \">\r\n\t\t<div class=\"wpb_wrapper\">\r\n\t\t\t<h3 style=\"text-align: left\">Habitaci\u00f3n Superior<\/h3>\n\r\n\t\t<\/div>\r\n\t<\/div>\r\n\r\n\t<div class=\"wpb_text_column \">\r\n\t\t<div class=\"wpb_wrapper\">\r\n\t\t\t<p style=\"font-size: 18px;text-align: left\">Amplias habitaciones con un \u00e1rea de 35 mts2. Con dos espacios, habitaci\u00f3n en cama king, aire acondicionado. Dise\u00f1o moderno para estad\u00edas inolvidables, con tranquilidad total.<\/p>\n\r\n\t\t<\/div>\r\n\t<\/div>\r\n<div class=\"w-sharing type_outlined align_left color_default\" style=\"font-size:1.2rem;\"><div class=\"w-sharing-list\" data-sharing-url=\"https:\/\/dev.hotelesms.com\/hotel-pacifico-chipichape\/hotel-pacifico-chipichape\/wp-json\/wp\/v2\/pages\/716\" data-sharing-image=\"https:\/\/dev.hotelesms.com\/hotel-pacifico-chipichape\/wp-content\/uploads\/sites\/5\/2017\/08\/VP-sepia.jpg\"><a class=\"w-sharing-item email\" href=\"javascript:void(0)\" title=\"Env\u00edalo por mail\" aria-label=\"Env\u00edalo por mail\"><span class=\"w-sharing-icon\"><\/span><\/a><a class=\"w-sharing-item facebook\" href=\"javascript:void(0)\" title=\"Comparte esto\" aria-label=\"Comparte esto\"><span class=\"w-sharing-icon\"><\/span><\/a><a class=\"w-sharing-item twitter\" href=\"javascript:void(0)\" title=\"Twittear\" aria-label=\"Twittear\"><span class=\"w-sharing-icon\"><\/span><\/a><a class=\"w-sharing-item pinterest\" href=\"javascript:void(0)\" title=\"Pin\u00e9alo\" aria-label=\"Pin\u00e9alo\"><span class=\"w-sharing-icon\"><\/span><\/a><\/div><\/div><\/div><\/div><\/div><div class=\"vc_col-sm-4 wpb_column vc_column_container\"><div class=\"vc_column-inner\"><div class=\"wpb_wrapper\"><div class=\"w-separator size_medium\"><\/div><div class=\"w-image align_center\"><div class=\"w-image-h\"><img width=\"468\" height=\"196\" src=\"https:\/\/dev.hotelesms.com\/hotel-pacifico-chipichape\/wp-content\/uploads\/sites\/5\/2017\/08\/mejor-precio-MS-1.png\" class=\"attachment-us_768_0 size-us_768_0\" alt=\"\" loading=\"lazy\" srcset=\"https:\/\/dev.hotelesms.com\/hotel-pacifico-chipichape\/wp-content\/uploads\/sites\/5\/2017\/08\/mejor-precio-MS-1.png 468w, https:\/\/dev.hotelesms.com\/hotel-pacifico-chipichape\/wp-content\/uploads\/sites\/5\/2017\/08\/mejor-precio-MS-1-300x126.png 300w\" sizes=\"(max-width: 468px) 100vw, 468px\" \/><\/div><\/div><\/div><\/div><\/div><\/div><\/div><\/section><section class=\"l-section wpb_row height_medium color_primary with_img with_overlay\"><div class=\"l-section-img\" style=\"background-image: url(https:\/\/dev.hotelesms.com\/hotel-pacifico-chipichape\/wp-content\/uploads\/sites\/5\/2017\/09\/trama-VP-sepia.jpg);\" data-img-width=\"800\" data-img-height=\"800\"><\/div><div class=\"l-section-overlay\" style=\"background: rgba(0,0,0,0.51)\"><\/div><div class=\"l-section-h i-cf\"><div class=\"g-cols vc_row type_default valign_top\"><div class=\"vc_col-sm-8 wpb_column vc_column_container\"><div class=\"vc_column-inner\"><div class=\"wpb_wrapper\"><div class=\"w-iconbox iconpos_top style_default color_custom align_center no_title no_text\"><div class=\"w-iconbox-icon\" style=\"color:#ffbf00;\"><i class=\"fas fa-heart\"><\/i><\/div><div class=\"w-iconbox-meta\"><\/div><\/div><div class=\"w-separator size_medium\"><\/div>\r\n\t<div class=\"wpb_text_column \">\r\n\t\t<div class=\"wpb_wrapper\">\r\n\t\t\t<h4 style=\"text-align: center\">Razones por las que amar\u00e1s alojarte en Hoteles MS:<\/h4>\n\r\n\t\t<\/div>\r\n\t<\/div>\r\n<div class=\"w-separator size_medium\"><\/div><div class=\"w-tabs style_default switch_click accordion type_togglable title_atleft icon_chevron iconpos_right \"><div class=\"w-tabs-list items_4\"><div class=\"w-tabs-list-h\"><div class=\"w-tabs-item with_icon\"><div class=\"w-tabs-item-h\"><i class=\"fas fa-heart\"><\/i><span class=\"w-tabs-item-title\">Comodidades<\/span><\/div><\/div><div class=\"w-tabs-item with_icon\"><div class=\"w-tabs-item-h\"><i class=\"fas fa-bed\"><\/i><span class=\"w-tabs-item-title\">Dotaci\u00f3n<\/span><\/div><\/div><div class=\"w-tabs-item with_icon\"><div class=\"w-tabs-item-h\"><i class=\"fas fa-exclamation-triangle\"><\/i><span class=\"w-tabs-item-title\">Pol\u00edticas<\/span><\/div><\/div><div class=\"w-tabs-item with_icon\"><div class=\"w-tabs-item-h\"><i class=\"fas fa-star\"><\/i><span class=\"w-tabs-item-title\">Servicios MS<\/span><\/div><\/div><\/div><\/div><div class=\"w-tabs-sections\"><div class=\"w-tabs-sections-h\"><div class=\"w-tabs-section with_icon\" id=\"1503502259471-fa8d9a43-2558965e-e8c7\"><a href=\"#1503502259471-fa8d9a43-2558965e-e8c7\" class=\"w-tabs-section-header\"><div class=\"w-tabs-section-header-h\"><i class=\"fas fa-heart\"><\/i><div class=\"w-tabs-section-title\">Comodidades<\/div><div class=\"w-tabs-section-control\"><\/div><\/div><\/a><div class=\"w-tabs-section-content\"><div class=\"w-tabs-section-content-h i-cf\">\r\n\t<div class=\"wpb_text_column \">\r\n\t\t<div class=\"wpb_wrapper\">\r\n\t\t\t<ul>\n<li>Aire Acondicionado<\/li>\n<li>Minibar<\/li>\n<li>Agua fr\u00eda y caliente<\/li>\n<li>Amenities<\/li>\n<li>Toallas<\/li>\n<\/ul>\n\r\n\t\t<\/div>\r\n\t<\/div>\r\n<\/div><\/div><\/div><div class=\"w-tabs-section with_icon\" id=\"1503502259615-4c3056d9-670b965e-e8c7\"><a href=\"#1503502259615-4c3056d9-670b965e-e8c7\" class=\"w-tabs-section-header\"><div class=\"w-tabs-section-header-h\"><i class=\"fas fa-bed\"><\/i><div class=\"w-tabs-section-title\">Dotaci\u00f3n<\/div><div class=\"w-tabs-section-control\"><\/div><\/div><\/a><div class=\"w-tabs-section-content\"><div class=\"w-tabs-section-content-h i-cf\">\r\n\t<div class=\"wpb_text_column \">\r\n\t\t<div class=\"wpb_wrapper\">\r\n\t\t\t<ul>\n<li>Cama King<\/li>\n<li>Mesas de noche<\/li>\n<li>Closet con seis ganchos<\/li>\n<li>Mesa y silla<\/li>\n<li>Escritorio y silla ergon\u00f3mica<\/li>\n<\/ul>\n\r\n\t\t<\/div>\r\n\t<\/div>\r\n<\/div><\/div><\/div><div class=\"w-tabs-section with_icon\" id=\"1503502306957-f4c9ce35-84ff965e-e8c7\"><a href=\"#1503502306957-f4c9ce35-84ff965e-e8c7\" class=\"w-tabs-section-header\"><div class=\"w-tabs-section-header-h\"><i class=\"fas fa-exclamation-triangle\"><\/i><div class=\"w-tabs-section-title\">Pol\u00edticas<\/div><div class=\"w-tabs-section-control\"><\/div><\/div><\/a><div class=\"w-tabs-section-content\"><div class=\"w-tabs-section-content-h i-cf\">\r\n\t<div class=\"wpb_text_column \">\r\n\t\t<div class=\"wpb_wrapper\">\r\n\t\t\t<ul>\n<li>Check in: 15:00<\/li>\n<li>Check out: 13:30<\/li>\n<li>Pueden alojarse ni\u00f1os de todas las edades.<\/li>\n<li>No se admiten mascotas.<\/li>\n<li>Parqueadero gratuito con previa reserva.<\/li>\n<\/ul>\n<p><strong>Cancelaciones<\/strong><\/p>\n<p>Las cancelaciones de la reserva deben hacerse antes de las 72 horas de la entrada al hotel, de lo contrario se efectuar\u00e1 el cargo de la primera noche a tu cuenta.<\/p>\n\r\n\t\t<\/div>\r\n\t<\/div>\r\n<\/div><\/div><\/div><div class=\"w-tabs-section with_icon\" id=\"1503502339791-e1c0f950-300b965e-e8c7\"><a href=\"#1503502339791-e1c0f950-300b965e-e8c7\" class=\"w-tabs-section-header\"><div class=\"w-tabs-section-header-h\"><i class=\"fas fa-star\"><\/i><div class=\"w-tabs-section-title\">Servicios MS<\/div><div class=\"w-tabs-section-control\"><\/div><\/div><\/a><div class=\"w-tabs-section-content\"><div class=\"w-tabs-section-content-h i-cf\">\r\n\t<div class=\"wpb_text_column \">\r\n\t\t<div class=\"wpb_wrapper\">\r\n\t\t\t<ul>\n<li>Restaurante<\/li>\n<li>Room Service (con costo adicional)<\/li>\n<li>Lavander\u00eda (con costo adicional)<\/li>\n<li>Barra de estaci\u00f3n de caf\u00e9 con espacio para trabajo con conexi\u00f3n WiFi.<\/li>\n<li>Internet WiFi<\/li>\n<li>Parqueadero en bah\u00eda (limitado)<\/li>\n<li>Sol\u00e1rium<\/li>\n<li>Zona h\u00fameda con jacuzzi y turco<\/li>\n<li>Zona de ejercicio<\/li>\n<li>Llamadas locales y larga distancia (Costo adicional)<\/li>\n<\/ul>\n\r\n\t\t<\/div>\r\n\t<\/div>\r\n<\/div><\/div><\/div><\/div><\/div><\/div><\/div><\/div><\/div><div class=\"vc_col-sm-4 wpb_column vc_column_container\"><div class=\"vc_column-inner\"><div class=\"wpb_wrapper\"><div class=\"w-iconbox iconpos_top style_default color_custom align_center no_title no_text\"><div class=\"w-iconbox-icon\" style=\"color:#ffbf00;\"><i class=\"far fa-clock\"><\/i><\/div><div class=\"w-iconbox-meta\"><\/div><\/div><div class=\"w-separator size_medium\"><\/div>\r\n\t<div class=\"wpb_text_column \">\r\n\t\t<div class=\"wpb_wrapper\">\r\n\t\t\t<h4 style=\"text-align: center\">Horarios MS<\/h4>\n\r\n\t\t<\/div>\r\n\t<\/div>\r\n<div class=\"w-separator size_medium\"><\/div><div class=\"uavc-list-icon uavc-list-icon-wrapper ult-adjust-bottom-margin   \"><ul class=\"uavc-list\"><li><div class=\"uavc-list-content\" id=\"list-icon-wrap-9826\">\n<div class=\"uavc-list-icon  \" data-animation=\"\" data-animation-delay=\"03\" style=\"margin-right:10px;\"><div class=\"ult-just-icon-wrapper  \"><div class=\"align-icon\" style=\"text-align:center;\">\n<div class=\"aio-icon none \"  style=\"color:#ffbf00;font-size:28px;display:inline-block;\">\n\t<i class=\"Defaults-arrow-circle-right\"><\/i>\n<\/div><\/div><\/div>\n<\/div><span  data-ultimate-target='#list-icon-wrap-9826 .uavc-list-desc'  data-responsive-json-new='{\"font-size\":\"\",\"line-height\":\"\"}'  class=\"uavc-list-desc ult-responsive\" style=\"\">Check in: 15:00<\/span><\/div><\/li><li><div class=\"uavc-list-content\" id=\"list-icon-wrap-1283\">\n<div class=\"uavc-list-icon  \" data-animation=\"\" data-animation-delay=\"03\" style=\"margin-right:10px;\"><div class=\"ult-just-icon-wrapper  \"><div class=\"align-icon\" style=\"text-align:center;\">\n<div class=\"aio-icon none \"  style=\"color:#ffbf00;font-size:28px;display:inline-block;\">\n\t<i class=\"Defaults-arrow-circle-left\"><\/i>\n<\/div><\/div><\/div>\n<\/div><span  data-ultimate-target='#list-icon-wrap-1283 .uavc-list-desc'  data-responsive-json-new='{\"font-size\":\"\",\"line-height\":\"\"}'  class=\"uavc-list-desc ult-responsive\" style=\"\">Check out:\u00a0<span style=\"line-height: 1.5\">13:30<\/span><\/span><\/div><\/li><li><div class=\"uavc-list-content\" id=\"list-icon-wrap-3905\">\n<div class=\"uavc-list-icon  \" data-animation=\"\" data-animation-delay=\"03\" style=\"margin-right:10px;\"><div class=\"ult-just-icon-wrapper  \"><div class=\"align-icon\" style=\"text-align:center;\">\n<div class=\"aio-icon none \"  style=\"color:#ffbf00;font-size:28px;display:inline-block;\">\n\t<i class=\"Defaults-coffee\"><\/i>\n<\/div><\/div><\/div>\n<\/div><span  data-ultimate-target='#list-icon-wrap-3905 .uavc-list-desc'  data-responsive-json-new='{\"font-size\":\"\",\"line-height\":\"\"}'  class=\"uavc-list-desc ult-responsive\" style=\"\">Desayuno: de lunes a viernes de 6:00 am a 9:00 am<br \/>\nFines de semana: de 7:00 a 10:00<\/span><\/div><\/li><\/ul><\/div><\/div><\/div><\/div><\/div><\/div><\/section><section class=\"l-section wpb_row height_medium with_video\"><div class=\"l-section-video\"><video muted loop autoplay preload=\"auto\"><source type=\"video\/mp4\" src=\"0\" \/><\/video><\/div><div class=\"l-section-h i-cf\"><div class=\"g-cols vc_row type_default valign_top\"><div class=\"vc_col-sm-12 wpb_column vc_column_container\"><div class=\"vc_column-inner\"><div class=\"wpb_wrapper\"><div class=\"g-cols wpb_row  type_default valign_top vc_inner \"><div class=\"vc_col-sm-12 wpb_column vc_column_container\"><div class=\"vc_column-inner\"><div class=\"wpb_wrapper\"><div class=\"w-image align_center\"><div class=\"w-image-h\"><img width=\"669\" height=\"156\" src=\"https:\/\/dev.hotelesms.com\/hotel-pacifico-chipichape\/wp-content\/uploads\/sites\/5\/2017\/08\/Welcome-1.png\" class=\"attachment-full size-full\" alt=\"\" loading=\"lazy\" srcset=\"https:\/\/dev.hotelesms.com\/hotel-pacifico-chipichape\/wp-content\/uploads\/sites\/5\/2017\/08\/Welcome-1.png 669w, https:\/\/dev.hotelesms.com\/hotel-pacifico-chipichape\/wp-content\/uploads\/sites\/5\/2017\/08\/Welcome-1-300x70.png 300w\" sizes=\"(max-width: 669px) 100vw, 669px\" \/><\/div><\/div><div class=\"w-separator size_medium\"><\/div><div class=\"w-btn-wrapper width_auto align_center\"><a class=\"w-btn us-btn-style_4\" href=\"https:\/\/hotelesms.com\/hotel-pacifico-chipichape\/habitaciones\/\"><span class=\"w-btn-label\">VER M\u00c1S HABITACIONES<\/span><\/a><\/div><\/div><\/div><\/div><\/div><div class=\"w-separator size_medium\"><\/div><div class=\"w-sharing type_simple align_center color_default\" style=\"font-size:1.2rem;\"><div class=\"w-sharing-list\" data-sharing-url=\"https:\/\/dev.hotelesms.com\/hotel-pacifico-chipichape\/hotel-pacifico-chipichape\/wp-json\/wp\/v2\/pages\/716\" data-sharing-image=\"https:\/\/dev.hotelesms.com\/hotel-pacifico-chipichape\/wp-content\/uploads\/sites\/5\/2017\/08\/VP-sepia.jpg\"><a class=\"w-sharing-item email\" href=\"javascript:void(0)\" title=\"Env\u00edalo por mail\" aria-label=\"Env\u00edalo por mail\"><span class=\"w-sharing-icon\"><\/span><\/a><a class=\"w-sharing-item facebook\" href=\"javascript:void(0)\" title=\"Comparte esto\" aria-label=\"Comparte esto\"><span class=\"w-sharing-icon\"><\/span><\/a><a class=\"w-sharing-item twitter\" href=\"javascript:void(0)\" title=\"Twittear\" aria-label=\"Twittear\"><span class=\"w-sharing-icon\"><\/span><\/a><a class=\"w-sharing-item pinterest\" href=\"javascript:void(0)\" title=\"Pin\u00e9alo\" aria-label=\"Pin\u00e9alo\"><span class=\"w-sharing-icon\"><\/span><\/a><\/div><\/div><\/div><\/div><\/div><\/div><\/div><\/section>\n","protected":false},"excerpt":{"rendered":"[rev_slider_vc alias=\"doble-estandar\"] Encuentra la mejor Tarifa Online MS CHECK IN CHECK OUT 1 2 3 4 5 6 7 8 9 10 ADULTOS 2 0 1 2 3 4 5 6 7 8 9 10 NI\u00d1OS 0 Habitaci\u00f3n Superior Amplias habitaciones con un \u00e1rea de 35 mts2. Con dos espacios, habitaci\u00f3n en cama king, aire...","protected":false},"author":4,"featured_media":796,"parent":0,"menu_order":0,"comment_status":"closed","ping_status":"closed","template":"","meta":[],"_links":{"self":[{"href":"https:\/\/dev.hotelesms.com\/hotel-pacifico-chipichape\/wp-json\/wp\/v2\/pages\/716"}],"collection":[{"href":"https:\/\/dev.hotelesms.com\/hotel-pacifico-chipichape\/wp-json\/wp\/v2\/pages"}],"about":[{"href":"https:\/\/dev.hotelesms.com\/hotel-pacifico-chipichape\/wp-json\/wp\/v2\/types\/page"}],"author":[{"embeddable":true,"href":"https:\/\/dev.hotelesms.com\/hotel-pacifico-chipichape\/wp-json\/wp\/v2\/users\/4"}],"replies":[{"embeddable":true,"href":"https:\/\/dev.hotelesms.com\/hotel-pacifico-chipichape\/wp-json\/wp\/v2\/comments?post=716"}],"version-history":[{"count":13,"href":"https:\/\/dev.hotelesms.com\/hotel-pacifico-chipichape\/wp-json\/wp\/v2\/pages\/716\/revisions"}],"predecessor-version":[{"id":1089,"href":"https:\/\/dev.hotelesms.com\/hotel-pacifico-chipichape\/wp-json\/wp\/v2\/pages\/716\/revisions\/1089"}],"wp:featuredmedia":[{"embeddable":true,"href":"https:\/\/dev.hotelesms.com\/hotel-pacifico-chipichape\/wp-json\/wp\/v2\/media\/796"}],"wp:attachment":[{"href":"https:\/\/dev.hotelesms.com\/hotel-pacifico-chipichape\/wp-json\/wp\/v2\/media?parent=716"}],"curies":[{"name":"wp","href":"https:\/\/api.w.org\/{rel}","templated":true}]}}