{"id":1201,"date":"2021-07-22T15:31:03","date_gmt":"2021-07-22T15:31:03","guid":{"rendered":"https:\/\/dev.hotelesms.com\/ms-ciudad-jardin\/?page_id=1201"},"modified":"2021-07-28T23:04:07","modified_gmt":"2021-07-28T23:04:07","slug":"plan-pasadia","status":"publish","type":"page","link":"https:\/\/dev.hotelesms.com\/ms-ciudad-jardin\/plan-pasadia\/","title":{"rendered":"Plan Pasad\u00eda"},"content":{"rendered":"<section class=\"l-section wpb_row height_auto width_full\"><div class=\"l-section-h i-cf\"><div class=\"g-cols vc_row type_default valign_top\"><div class=\"vc_col-sm-12 wpb_column vc_column_container\"><div class=\"vc_column-inner\"><div class=\"wpb_wrapper\">[rev_slider_vc alias=&#8221;pasadia&#8221;]<\/div><\/div><\/div><\/div><\/div><\/section><section class=\"l-section wpb_row height_small\"><div class=\"l-section-h i-cf\"><div class=\"g-cols vc_row type_default valign_top\"><div class=\"vc_col-sm-8 wpb_column vc_column_container\"><div class=\"vc_column-inner\"><div class=\"wpb_wrapper\">\r\n\t<div class=\"wpb_text_column \">\r\n\t\t<div class=\"wpb_wrapper\">\r\n\t\t\t<h1>Plan Pasad\u00eda<\/h1>\n<p>\u00a1Pasa un momento espectacular en nuestro hotel!<\/p>\n\r\n\t\t<\/div>\r\n\t<\/div>\r\n<div class=\"w-sharing type_outlined align_left color_default\" style=\"font-size:1.2rem;\"><div class=\"w-sharing-list\" data-sharing-url=\"https:\/\/dev.hotelesms.com\/ms-ciudad-jardin\/ms-ciudad-jardin\/wp-json\/wp\/v2\/pages\/1201\" data-sharing-image=\"https:\/\/dev.hotelesms.com\/ms-ciudad-jardin\/wp-content\/uploads\/sites\/3\/2017\/09\/ciudadjardin-Romance-MS.jpg\"><a class=\"w-sharing-item email\" href=\"javascript:void(0)\" title=\"Env\u00edalo por mail\" aria-label=\"Env\u00edalo por mail\"><span class=\"w-sharing-icon\"><\/span><\/a><a class=\"w-sharing-item facebook\" href=\"javascript:void(0)\" title=\"Comparte esto\" aria-label=\"Comparte esto\"><span class=\"w-sharing-icon\"><\/span><\/a><a class=\"w-sharing-item twitter\" href=\"javascript:void(0)\" title=\"Twittear\" aria-label=\"Twittear\"><span class=\"w-sharing-icon\"><\/span><\/a><a class=\"w-sharing-item pinterest\" href=\"javascript:void(0)\" title=\"Pin\u00e9alo\" aria-label=\"Pin\u00e9alo\"><span class=\"w-sharing-icon\"><\/span><\/a><\/div><\/div><\/div><\/div><\/div><div class=\"vc_col-sm-4 wpb_column vc_column_container\"><div class=\"vc_column-inner\"><div class=\"wpb_wrapper\"><div class=\"w-pricing items_1\"><div class=\"w-pricing-item type_default\"><div class=\"w-pricing-item-h\"><div class=\"w-pricing-item-header\"><div class=\"w-pricing-item-title\">Plan Pasad\u00eda<\/div><div class=\"w-pricing-item-price\">$360.000<\/div><\/div><\/div><\/div><\/div><\/div><\/div><\/div><\/div><\/div><\/section><section class=\"l-section wpb_row height_auto width_full\"><div class=\"l-section-h i-cf\"><div class=\"g-cols vc_row type_default valign_top\"><div class=\"vc_col-sm-12 wpb_column vc_column_container\"><div class=\"vc_column-inner\"><div class=\"wpb_wrapper\"><div class=\"w-grid type_masonry layout_gallery_default cols_6 with_isotope\" id=\"us_grid_1\"><style id=\"us_grid_1_css\">#us_grid_1 .w-grid-item{padding:4px}#us_grid_1 .w-grid-list{margin:-4px}.w-grid + #us_grid_1 .w-grid-list{margin-top:4px}.l-section.width_full>div>div>.vc_col-sm-12>div>div>#us_grid_1 .w-grid-list{margin-left:4px;margin-right:4px}.l-section.height_auto>div>div>.vc_col-sm-12>div>div>#us_grid_1:first-child .w-grid-list{margin-top:4px}.l-section.height_auto>div>div>.vc_col-sm-12>div>div>#us_grid_1:last-child .w-grid-list{margin-bottom:4px}@media (max-width:767px){#us_grid_1 .w-grid-item{width:25%}}@media (max-width:479px){#us_grid_1 .w-grid-item{width:50%}}<\/style><style>#us_grid_1 .w-grid-item-h{}#us_grid_1 .usg_post_image_1{}#us_grid_1 .usg_post_image_1{transition-duration:0.3s;transform:scale(1) translate(0,0)}#us_grid_1 .w-grid-item-h:hover .usg_post_image_1{transform:scale(1) translate(0,0);opacity:0.5}<\/style><div class=\"w-grid-list\"><article class=\"w-grid-item ratio_1x1 post-419 attachment type-attachment status-inherit hentry\" data-id=\"419\">\r\n\t<div class=\"w-grid-item-h\">\r\n\t\t\t\t\t<a class=\"w-grid-item-anchor\" href=\"https:\/\/dev.hotelesms.com\/ms-ciudad-jardin\/wp-content\/uploads\/sites\/3\/2017\/07\/DSC_6020.jpg\" ref=\"magnificPopupGrid\" title=\"DSC_6020\"><\/a>\r\n\t\t\t\t<div class=\"w-post-elm post_image usg_post_image_1 stretched\"><img width=\"300\" height=\"200\" src=\"https:\/\/dev.hotelesms.com\/ms-ciudad-jardin\/wp-content\/uploads\/sites\/3\/2017\/07\/DSC_6020-300x200.jpg\" class=\"attachment-medium size-medium\" alt=\"\" loading=\"lazy\" srcset=\"https:\/\/dev.hotelesms.com\/ms-ciudad-jardin\/wp-content\/uploads\/sites\/3\/2017\/07\/DSC_6020-300x200.jpg 300w, https:\/\/dev.hotelesms.com\/ms-ciudad-jardin\/wp-content\/uploads\/sites\/3\/2017\/07\/DSC_6020-768x511.jpg 768w, https:\/\/dev.hotelesms.com\/ms-ciudad-jardin\/wp-content\/uploads\/sites\/3\/2017\/07\/DSC_6020.jpg 800w\" sizes=\"(max-width: 300px) 100vw, 300px\" \/><\/div>\t<\/div>\r\n<\/article>\r\n<article class=\"w-grid-item ratio_1x1 post-418 attachment type-attachment status-inherit hentry\" data-id=\"418\">\r\n\t<div class=\"w-grid-item-h\">\r\n\t\t\t\t\t<a class=\"w-grid-item-anchor\" href=\"https:\/\/dev.hotelesms.com\/ms-ciudad-jardin\/wp-content\/uploads\/sites\/3\/2017\/07\/DSC_6005.jpg\" ref=\"magnificPopupGrid\" title=\"DSC_6005\"><\/a>\r\n\t\t\t\t<div class=\"w-post-elm post_image usg_post_image_1 stretched\"><img width=\"300\" height=\"200\" src=\"https:\/\/dev.hotelesms.com\/ms-ciudad-jardin\/wp-content\/uploads\/sites\/3\/2017\/07\/DSC_6005-300x200.jpg\" class=\"attachment-medium size-medium\" alt=\"\" loading=\"lazy\" srcset=\"https:\/\/dev.hotelesms.com\/ms-ciudad-jardin\/wp-content\/uploads\/sites\/3\/2017\/07\/DSC_6005-300x200.jpg 300w, https:\/\/dev.hotelesms.com\/ms-ciudad-jardin\/wp-content\/uploads\/sites\/3\/2017\/07\/DSC_6005-768x511.jpg 768w, https:\/\/dev.hotelesms.com\/ms-ciudad-jardin\/wp-content\/uploads\/sites\/3\/2017\/07\/DSC_6005.jpg 800w\" sizes=\"(max-width: 300px) 100vw, 300px\" \/><\/div>\t<\/div>\r\n<\/article>\r\n<article class=\"w-grid-item ratio_1x1 post-417 attachment type-attachment status-inherit hentry\" data-id=\"417\">\r\n\t<div class=\"w-grid-item-h\">\r\n\t\t\t\t\t<a class=\"w-grid-item-anchor\" href=\"https:\/\/dev.hotelesms.com\/ms-ciudad-jardin\/wp-content\/uploads\/sites\/3\/2017\/07\/DSC_6003.jpg\" ref=\"magnificPopupGrid\" title=\"DSC_6003\"><\/a>\r\n\t\t\t\t<div class=\"w-post-elm post_image usg_post_image_1 stretched\"><img width=\"300\" height=\"200\" src=\"https:\/\/dev.hotelesms.com\/ms-ciudad-jardin\/wp-content\/uploads\/sites\/3\/2017\/07\/DSC_6003-300x200.jpg\" class=\"attachment-medium size-medium\" alt=\"\" loading=\"lazy\" srcset=\"https:\/\/dev.hotelesms.com\/ms-ciudad-jardin\/wp-content\/uploads\/sites\/3\/2017\/07\/DSC_6003-300x200.jpg 300w, https:\/\/dev.hotelesms.com\/ms-ciudad-jardin\/wp-content\/uploads\/sites\/3\/2017\/07\/DSC_6003-768x511.jpg 768w, https:\/\/dev.hotelesms.com\/ms-ciudad-jardin\/wp-content\/uploads\/sites\/3\/2017\/07\/DSC_6003.jpg 799w\" sizes=\"(max-width: 300px) 100vw, 300px\" \/><\/div>\t<\/div>\r\n<\/article>\r\n<article class=\"w-grid-item ratio_1x1 post-416 attachment type-attachment status-inherit hentry\" data-id=\"416\">\r\n\t<div class=\"w-grid-item-h\">\r\n\t\t\t\t\t<a class=\"w-grid-item-anchor\" href=\"https:\/\/dev.hotelesms.com\/ms-ciudad-jardin\/wp-content\/uploads\/sites\/3\/2017\/07\/DSC_5923.jpg\" ref=\"magnificPopupGrid\" title=\"DSC_5923\"><\/a>\r\n\t\t\t\t<div class=\"w-post-elm post_image usg_post_image_1 stretched\"><img width=\"300\" height=\"200\" src=\"https:\/\/dev.hotelesms.com\/ms-ciudad-jardin\/wp-content\/uploads\/sites\/3\/2017\/07\/DSC_5923-300x200.jpg\" class=\"attachment-medium size-medium\" alt=\"\" loading=\"lazy\" srcset=\"https:\/\/dev.hotelesms.com\/ms-ciudad-jardin\/wp-content\/uploads\/sites\/3\/2017\/07\/DSC_5923-300x200.jpg 300w, https:\/\/dev.hotelesms.com\/ms-ciudad-jardin\/wp-content\/uploads\/sites\/3\/2017\/07\/DSC_5923-768x511.jpg 768w, https:\/\/dev.hotelesms.com\/ms-ciudad-jardin\/wp-content\/uploads\/sites\/3\/2017\/07\/DSC_5923.jpg 800w\" sizes=\"(max-width: 300px) 100vw, 300px\" \/><\/div>\t<\/div>\r\n<\/article>\r\n<article class=\"w-grid-item ratio_1x1 post-415 attachment type-attachment status-inherit hentry\" data-id=\"415\">\r\n\t<div class=\"w-grid-item-h\">\r\n\t\t\t\t\t<a class=\"w-grid-item-anchor\" href=\"https:\/\/dev.hotelesms.com\/ms-ciudad-jardin\/wp-content\/uploads\/sites\/3\/2017\/07\/DSC_5881.jpg\" ref=\"magnificPopupGrid\" title=\"DSC_5881\"><\/a>\r\n\t\t\t\t<div class=\"w-post-elm post_image usg_post_image_1 stretched\"><img width=\"300\" height=\"200\" src=\"https:\/\/dev.hotelesms.com\/ms-ciudad-jardin\/wp-content\/uploads\/sites\/3\/2017\/07\/DSC_5881-300x200.jpg\" class=\"attachment-medium size-medium\" alt=\"\" loading=\"lazy\" srcset=\"https:\/\/dev.hotelesms.com\/ms-ciudad-jardin\/wp-content\/uploads\/sites\/3\/2017\/07\/DSC_5881-300x200.jpg 300w, https:\/\/dev.hotelesms.com\/ms-ciudad-jardin\/wp-content\/uploads\/sites\/3\/2017\/07\/DSC_5881-768x511.jpg 768w, https:\/\/dev.hotelesms.com\/ms-ciudad-jardin\/wp-content\/uploads\/sites\/3\/2017\/07\/DSC_5881.jpg 800w\" sizes=\"(max-width: 300px) 100vw, 300px\" \/><\/div>\t<\/div>\r\n<\/article>\r\n<article class=\"w-grid-item ratio_1x1 post-414 attachment type-attachment status-inherit hentry\" data-id=\"414\">\r\n\t<div class=\"w-grid-item-h\">\r\n\t\t\t\t\t<a class=\"w-grid-item-anchor\" href=\"https:\/\/dev.hotelesms.com\/ms-ciudad-jardin\/wp-content\/uploads\/sites\/3\/2017\/07\/DSC_5833.jpg\" ref=\"magnificPopupGrid\" title=\"DSC_5833\"><\/a>\r\n\t\t\t\t<div class=\"w-post-elm post_image usg_post_image_1 stretched\"><img width=\"300\" height=\"200\" src=\"https:\/\/dev.hotelesms.com\/ms-ciudad-jardin\/wp-content\/uploads\/sites\/3\/2017\/07\/DSC_5833-300x200.jpg\" class=\"attachment-medium size-medium\" alt=\"\" loading=\"lazy\" srcset=\"https:\/\/dev.hotelesms.com\/ms-ciudad-jardin\/wp-content\/uploads\/sites\/3\/2017\/07\/DSC_5833-300x200.jpg 300w, https:\/\/dev.hotelesms.com\/ms-ciudad-jardin\/wp-content\/uploads\/sites\/3\/2017\/07\/DSC_5833-768x511.jpg 768w, https:\/\/dev.hotelesms.com\/ms-ciudad-jardin\/wp-content\/uploads\/sites\/3\/2017\/07\/DSC_5833.jpg 800w\" sizes=\"(max-width: 300px) 100vw, 300px\" \/><\/div>\t<\/div>\r\n<\/article>\r\n<\/div>\t<div class=\"w-grid-json hidden\" onclick='return {&quot;ajax_url&quot;:&quot;https:\\\/\\\/dev.hotelesms.com\\\/ms-ciudad-jardin\\\/wp-admin\\\/admin-ajax.php&quot;,&quot;permalink_url&quot;:&quot;https:\\\/\\\/dev.hotelesms.com\\\/ms-ciudad-jardin\\\/dsc_5833\\\/&quot;,&quot;action&quot;:&quot;us_ajax_grid&quot;,&quot;max_num_pages&quot;:1,&quot;infinite_scroll&quot;:0,&quot;template_vars&quot;:{&quot;query_args&quot;:{&quot;post_type&quot;:[&quot;attachment&quot;],&quot;post__in&quot;:[&quot;419&quot;,&quot;418&quot;,&quot;417&quot;,&quot;416&quot;,&quot;415&quot;,&quot;414&quot;],&quot;post_status&quot;:&quot;inherit&quot;,&quot;post_mime_type&quot;:&quot;image&quot;,&quot;orderby&quot;:{&quot;post__in&quot;:&quot;ASC&quot;},&quot;posts_per_page&quot;:999},&quot;post_id&quot;:1201,&quot;us_grid_index&quot;:1,&quot;us_grid_ajax_index&quot;:1,&quot;exclude_items&quot;:&quot;none&quot;,&quot;items_offset&quot;:&quot;1&quot;,&quot;items_layout&quot;:&quot;gallery_default&quot;,&quot;type&quot;:&quot;masonry&quot;,&quot;columns&quot;:&quot;6&quot;,&quot;img_size&quot;:&quot;medium&quot;,&quot;overriding_link&quot;:&quot;popup_post_image&quot;}}'><\/div>\r\n<\/div><\/div><\/div><\/div><\/div><\/div><\/section><section class=\"l-section wpb_row height_medium with_img with_overlay\"><div class=\"l-section-img\" style=\"background-image: url(https:\/\/dev.hotelesms.com\/ms-ciudad-jardin\/wp-content\/uploads\/sites\/3\/2017\/08\/trama-plan-roma\u0301ntico.jpg);\" data-img-width=\"1240\" data-img-height=\"600\"><\/div><div class=\"l-section-overlay\" style=\"background: rgba(0,0,0,0.54)\"><\/div><div class=\"l-section-h i-cf\"><div class=\"g-cols vc_row type_default valign_top\"><div class=\"vc_col-sm-4 wpb_column vc_column_container\"><div class=\"vc_column-inner\"><div class=\"wpb_wrapper\"><div class=\"w-separator size_medium\"><\/div><div class=\"w-pricing items_1\"><div class=\"w-pricing-item type_default\"><div class=\"w-pricing-item-h\"><div class=\"w-pricing-item-header\"><div class=\"w-pricing-item-title\">Plan Pasad\u00eda<\/div><div class=\"w-pricing-item-price\">$360.000<\/div><\/div><\/div><\/div><\/div><div class=\"w-separator size_medium\"><\/div><\/div><\/div><\/div><div class=\"vc_col-sm-8 wpb_column vc_column_container\" style=\"color:#ffffff;\"><div class=\"vc_column-inner color_custom\"><div class=\"wpb_wrapper\"><div class=\"w-tabs style_default switch_click accordion title_atleft icon_chevron iconpos_right \"><div class=\"w-tabs-list items_2\"><div class=\"w-tabs-list-h\"><div class=\"w-tabs-item active defined-active with_icon\"><div class=\"w-tabs-item-h\"><i class=\"fas fa-heart\"><\/i><span class=\"w-tabs-item-title\">Incluye<\/span><\/div><\/div><div class=\"w-tabs-item with_icon\"><div class=\"w-tabs-item-h\"><i class=\"fas fa-exclamation-triangle\"><\/i><span class=\"w-tabs-item-title\">Condiciones<\/span><\/div><\/div><\/div><\/div><div class=\"w-tabs-sections\"><div class=\"w-tabs-sections-h\"><div class=\"w-tabs-section with_icon active\" id=\"1508457467491-05385077-9ed8\"><a href=\"#1508457467491-05385077-9ed8\" class=\"w-tabs-section-header\"><div class=\"w-tabs-section-header-h\"><i class=\"fas fa-heart\"><\/i><div class=\"w-tabs-section-title\">Incluye<\/div><div class=\"w-tabs-section-control\"><\/div><\/div><\/a><div class=\"w-tabs-section-content\"><div class=\"w-tabs-section-content-h i-cf\"><div class=\"g-cols wpb_row  type_default valign_top vc_inner \"><div class=\"vc_col-sm-6 wpb_column vc_column_container\"><div class=\"vc_column-inner\"><div class=\"wpb_wrapper\">\r\n\t<div class=\"wpb_text_column \">\r\n\t\t<div class=\"wpb_wrapper\">\r\n\t\t\t<ul>\n<li><span style=\"color: #ffffff;\">Habitaci\u00f3n<\/span><\/li>\n<li><span style=\"color: #ffffff;\">Desayuno y\/o Almuerzo<\/span><\/li>\n<li><span style=\"color: #ffffff;\">SPA: Masaje relajante, exfoliaci\u00f3n manos y pies, aromaterapia, masaje capilar<\/span><\/li>\n<li><span style=\"color: #ffffff;\">Horario de 10:00 a.m. a 5:00 p.m<\/span><\/li>\n<li><span style=\"color: #ffffff;\">Valido para 2 personas En Fines de semana y\/o festivos<\/span><\/li>\n<li><span style=\"color: #ffffff;\">Sujeto a disponibilidad<\/span><\/li>\n<li><span style=\"color: #ffffff;\">Aplican condiciones y restricciones<\/span><\/li>\n<\/ul>\n\r\n\t\t<\/div>\r\n\t<\/div>\r\n<\/div><\/div><\/div><div class=\"vc_col-sm-6 wpb_column vc_column_container\"><div class=\"vc_column-inner\"><div class=\"wpb_wrapper\"><\/div><\/div><\/div><\/div><\/div><\/div><\/div><div class=\"w-tabs-section with_icon\" id=\"1508457467645-a13124ab-2e71\"><a href=\"#1508457467645-a13124ab-2e71\" class=\"w-tabs-section-header\"><div class=\"w-tabs-section-header-h\"><i class=\"fas fa-exclamation-triangle\"><\/i><div class=\"w-tabs-section-title\">Condiciones<\/div><div class=\"w-tabs-section-control\"><\/div><\/div><\/a><div class=\"w-tabs-section-content\"><div class=\"w-tabs-section-content-h i-cf\">\r\n\t<div class=\"wpb_text_column \">\r\n\t\t<div class=\"wpb_wrapper\">\r\n\t\t\t<p><strong>No Incluye:<\/strong><\/p>\n<p>\u2022 Seguro Hotelero<br \/>\n\u2022 Personas adicionales o ni\u00f1os<br \/>\n\u2022 Gastos no especificados en el plan<\/p>\n<p><strong>Condiciones:<\/strong><\/p>\n<p>\u2022 Aplica para todos los d\u00edas de la semana<br \/>\n\u2022 El plan debe encontrarse pago en su totalidad 24 horas antes del check-in<br \/>\n\u2022 No se reembolsa dinero<br \/>\n\u2022 El plan debe reservarse con m\u00ednimo 2 d\u00edas de anticipaci\u00f3n<br \/>\n\u2022 Sujeto a disponibilidad del hotel<\/p>\n\r\n\t\t<\/div>\r\n\t<\/div>\r\n<\/div><\/div><\/div><\/div><\/div><\/div><\/div><\/div><\/div><div class=\"vc_col-sm-12 wpb_column vc_column_container\"><div class=\"vc_column-inner\"><div class=\"wpb_wrapper\"><div class=\"w-sharing type_outlined align_center color_default\" style=\"font-size:1.2rem;\"><div class=\"w-sharing-list\" data-sharing-url=\"https:\/\/dev.hotelesms.com\/ms-ciudad-jardin\/ms-ciudad-jardin\/wp-json\/wp\/v2\/pages\/1201\" data-sharing-image=\"\"><a class=\"w-sharing-item email\" href=\"javascript:void(0)\" title=\"Env\u00edalo por mail\" aria-label=\"Env\u00edalo por mail\"><span class=\"w-sharing-icon\"><\/span><\/a><a class=\"w-sharing-item facebook\" href=\"javascript:void(0)\" title=\"Comparte esto\" aria-label=\"Comparte esto\"><span class=\"w-sharing-icon\"><\/span><\/a><a class=\"w-sharing-item twitter\" href=\"javascript:void(0)\" title=\"Twittear\" aria-label=\"Twittear\"><span class=\"w-sharing-icon\"><\/span><\/a><a class=\"w-sharing-item pinterest\" href=\"javascript:void(0)\" title=\"Pin\u00e9alo\" aria-label=\"Pin\u00e9alo\"><span class=\"w-sharing-icon\"><\/span><\/a><\/div><\/div><\/div><\/div><\/div><\/div><\/div><\/section>\n","protected":false},"excerpt":{"rendered":"","protected":false},"author":5,"featured_media":938,"parent":0,"menu_order":0,"comment_status":"closed","ping_status":"closed","template":"","meta":[],"_links":{"self":[{"href":"https:\/\/dev.hotelesms.com\/ms-ciudad-jardin\/wp-json\/wp\/v2\/pages\/1201"}],"collection":[{"href":"https:\/\/dev.hotelesms.com\/ms-ciudad-jardin\/wp-json\/wp\/v2\/pages"}],"about":[{"href":"https:\/\/dev.hotelesms.com\/ms-ciudad-jardin\/wp-json\/wp\/v2\/types\/page"}],"author":[{"embeddable":true,"href":"https:\/\/dev.hotelesms.com\/ms-ciudad-jardin\/wp-json\/wp\/v2\/users\/5"}],"replies":[{"embeddable":true,"href":"https:\/\/dev.hotelesms.com\/ms-ciudad-jardin\/wp-json\/wp\/v2\/comments?post=1201"}],"version-history":[{"count":5,"href":"https:\/\/dev.hotelesms.com\/ms-ciudad-jardin\/wp-json\/wp\/v2\/pages\/1201\/revisions"}],"predecessor-version":[{"id":1211,"href":"https:\/\/dev.hotelesms.com\/ms-ciudad-jardin\/wp-json\/wp\/v2\/pages\/1201\/revisions\/1211"}],"wp:featuredmedia":[{"embeddable":true,"href":"https:\/\/dev.hotelesms.com\/ms-ciudad-jardin\/wp-json\/wp\/v2\/media\/938"}],"wp:attachment":[{"href":"https:\/\/dev.hotelesms.com\/ms-ciudad-jardin\/wp-json\/wp\/v2\/media?parent=1201"}],"curies":[{"name":"wp","href":"https:\/\/api.w.org\/{rel}","templated":true}]}}