{"id":942,"date":"2018-05-04T17:31:38","date_gmt":"2018-05-04T17:31:38","guid":{"rendered":"https:\/\/dev.hotelesms.com\/ms-ciudad-jardin\/?page_id=942"},"modified":"2019-06-11T17:50:48","modified_gmt":"2019-06-11T17:50:48","slug":"plan-fin-de-semana","status":"publish","type":"page","link":"https:\/\/dev.hotelesms.com\/ms-ciudad-jardin\/plan-fin-de-semana\/","title":{"rendered":"Plan Fin de Semana"},"content":{"rendered":"<section class=\"l-section wpb_row height_auto width_full\"><div class=\"l-section-h i-cf\"><div class=\"g-cols vc_row type_default valign_top\"><div class=\"vc_col-sm-12 wpb_column vc_column_container\"><div class=\"vc_column-inner\"><div class=\"wpb_wrapper\">[rev_slider_vc alias=&#8221;plan-fin-de-semana&#8221;]<\/div><\/div><\/div><\/div><\/div><\/section><section class=\"l-section wpb_row height_small\"><div class=\"l-section-h i-cf\"><div class=\"g-cols vc_row type_default valign_top\"><div class=\"vc_col-sm-8 wpb_column vc_column_container\"><div class=\"vc_column-inner\"><div class=\"wpb_wrapper\">\r\n\t<div class=\"wpb_text_column \">\r\n\t\t<div class=\"wpb_wrapper\">\r\n\t\t\t<h1>Plan Fin de Semana<\/h1>\n<p>El Hotel MS Ciudad Jard\u00edn ofrece a sus hu\u00e9spedes un magn\u00edfico Plan Fin de Semana pensado para la familia: alojamiento para dos en habitaci\u00f3n superior (hasta 2 ni\u00f1os gratis menores de 12 a\u00f1os en la misma habitaci\u00f3n de sus padres), desayuno tipo buffet y bebida de bienvenida.<\/p>\n\r\n\t\t<\/div>\r\n\t<\/div>\r\n<div class=\"w-sharing type_outlined align_left color_default\" style=\"font-size:1.2rem;\"><div class=\"w-sharing-list\" data-sharing-url=\"https:\/\/dev.hotelesms.com\/ms-ciudad-jardin\/ms-ciudad-jardin\/wp-json\/wp\/v2\/pages\/942\" data-sharing-image=\"https:\/\/dev.hotelesms.com\/ms-ciudad-jardin\/wp-content\/uploads\/sites\/3\/2018\/05\/ciudadjardin_fds_MS.jpg\"><a class=\"w-sharing-item email\" href=\"javascript:void(0)\" title=\"Env\u00edalo por mail\" aria-label=\"Env\u00edalo por mail\"><span class=\"w-sharing-icon\"><\/span><\/a><a class=\"w-sharing-item facebook\" href=\"javascript:void(0)\" title=\"Comparte esto\" aria-label=\"Comparte esto\"><span class=\"w-sharing-icon\"><\/span><\/a><a class=\"w-sharing-item twitter\" href=\"javascript:void(0)\" title=\"Twittear\" aria-label=\"Twittear\"><span class=\"w-sharing-icon\"><\/span><\/a><a class=\"w-sharing-item pinterest\" href=\"javascript:void(0)\" title=\"Pin\u00e9alo\" aria-label=\"Pin\u00e9alo\"><span class=\"w-sharing-icon\"><\/span><\/a><\/div><\/div><\/div><\/div><\/div><div class=\"vc_col-sm-4 wpb_column vc_column_container\"><div class=\"vc_column-inner\"><div class=\"wpb_wrapper\"><div class=\"w-pricing items_1\"><div class=\"w-pricing-item type_default\"><div class=\"w-pricing-item-h\"><div class=\"w-pricing-item-header\"><div class=\"w-pricing-item-title\">Plan Fin de Semana<\/div><div class=\"w-pricing-item-price\">$280.000<small>impuestos incluidos<\/small><\/div><\/div><div class=\"w-pricing-item-footer\"><a class=\"w-btn us-btn-style_3\" href=\"http:\/\/hotelesms.com\/ms-ciudad-jardin\/solicitud-de-cotizacion-de-planes\/\"><span class=\"w-btn-label\">RESERVA YA<\/span><\/a><\/div><\/div><\/div><\/div><\/div><\/div><\/div><\/div><\/div><\/section><section class=\"l-section wpb_row height_auto width_full\"><div class=\"l-section-h i-cf\"><div class=\"g-cols vc_row type_default valign_top\"><div class=\"vc_col-sm-12 wpb_column vc_column_container\"><div class=\"vc_column-inner\"><div class=\"wpb_wrapper\"><div class=\"w-grid type_masonry layout_gallery_default cols_6 with_isotope\" id=\"us_grid_1\"><style id=\"us_grid_1_css\">#us_grid_1 .w-grid-item{padding:4px}#us_grid_1 .w-grid-list{margin:-4px}.w-grid + #us_grid_1 .w-grid-list{margin-top:4px}.l-section.width_full>div>div>.vc_col-sm-12>div>div>#us_grid_1 .w-grid-list{margin-left:4px;margin-right:4px}.l-section.height_auto>div>div>.vc_col-sm-12>div>div>#us_grid_1:first-child .w-grid-list{margin-top:4px}.l-section.height_auto>div>div>.vc_col-sm-12>div>div>#us_grid_1:last-child .w-grid-list{margin-bottom:4px}@media (max-width:767px){#us_grid_1 .w-grid-item{width:25%}}@media (max-width:479px){#us_grid_1 .w-grid-item{width:50%}}<\/style><style>#us_grid_1 .w-grid-item-h{}#us_grid_1 .usg_post_image_1{}#us_grid_1 .usg_post_image_1{transition-duration:0.3s;transform:scale(1) translate(0,0)}#us_grid_1 .w-grid-item-h:hover .usg_post_image_1{transform:scale(1) translate(0,0);opacity:0.5}<\/style><div class=\"w-grid-list\"><article class=\"w-grid-item ratio_1x1 post-772 attachment type-attachment status-inherit hentry\" data-id=\"772\">\r\n\t<div class=\"w-grid-item-h\">\r\n\t\t\t\t\t<a class=\"w-grid-item-anchor\" href=\"https:\/\/dev.hotelesms.com\/ms-ciudad-jardin\/wp-content\/uploads\/sites\/3\/2017\/07\/Banner-Superior-Esta\u0301ndar.jpg\" ref=\"magnificPopupGrid\" title=\"Banner-Superior-Esta\u0301ndar\"><\/a>\r\n\t\t\t\t<div class=\"w-post-elm post_image usg_post_image_1 stretched\"><img width=\"300\" height=\"169\" src=\"https:\/\/dev.hotelesms.com\/ms-ciudad-jardin\/wp-content\/uploads\/sites\/3\/2017\/07\/Banner-Superior-Esta\u0301ndar-300x169.jpg\" class=\"attachment-medium size-medium\" alt=\"\" loading=\"lazy\" srcset=\"https:\/\/dev.hotelesms.com\/ms-ciudad-jardin\/wp-content\/uploads\/sites\/3\/2017\/07\/Banner-Superior-Esta\u0301ndar-300x169.jpg 300w, https:\/\/dev.hotelesms.com\/ms-ciudad-jardin\/wp-content\/uploads\/sites\/3\/2017\/07\/Banner-Superior-Esta\u0301ndar-768x434.jpg 768w, https:\/\/dev.hotelesms.com\/ms-ciudad-jardin\/wp-content\/uploads\/sites\/3\/2017\/07\/Banner-Superior-Esta\u0301ndar-1024x578.jpg 1024w, https:\/\/dev.hotelesms.com\/ms-ciudad-jardin\/wp-content\/uploads\/sites\/3\/2017\/07\/Banner-Superior-Esta\u0301ndar.jpg 1240w\" sizes=\"(max-width: 300px) 100vw, 300px\" \/><\/div>\t<\/div>\r\n<\/article>\r\n<article class=\"w-grid-item ratio_1x1 post-425 attachment type-attachment status-inherit hentry\" data-id=\"425\">\r\n\t<div class=\"w-grid-item-h\">\r\n\t\t\t\t\t<a class=\"w-grid-item-anchor\" href=\"https:\/\/dev.hotelesms.com\/ms-ciudad-jardin\/wp-content\/uploads\/sites\/3\/2017\/07\/DSC_7566.jpg\" ref=\"magnificPopupGrid\" title=\"DSC_7566\"><\/a>\r\n\t\t\t\t<div class=\"w-post-elm post_image usg_post_image_1 stretched\"><img width=\"300\" height=\"200\" src=\"https:\/\/dev.hotelesms.com\/ms-ciudad-jardin\/wp-content\/uploads\/sites\/3\/2017\/07\/DSC_7566-300x200.jpg\" class=\"attachment-medium size-medium\" alt=\"\" loading=\"lazy\" srcset=\"https:\/\/dev.hotelesms.com\/ms-ciudad-jardin\/wp-content\/uploads\/sites\/3\/2017\/07\/DSC_7566-300x200.jpg 300w, https:\/\/dev.hotelesms.com\/ms-ciudad-jardin\/wp-content\/uploads\/sites\/3\/2017\/07\/DSC_7566-768x511.jpg 768w, https:\/\/dev.hotelesms.com\/ms-ciudad-jardin\/wp-content\/uploads\/sites\/3\/2017\/07\/DSC_7566.jpg 800w\" sizes=\"(max-width: 300px) 100vw, 300px\" \/><\/div>\t<\/div>\r\n<\/article>\r\n<article class=\"w-grid-item ratio_1x1 post-402 attachment type-attachment status-inherit hentry\" data-id=\"402\">\r\n\t<div class=\"w-grid-item-h\">\r\n\t\t\t\t\t<a class=\"w-grid-item-anchor\" href=\"https:\/\/dev.hotelesms.com\/ms-ciudad-jardin\/wp-content\/uploads\/sites\/3\/2017\/07\/DSC_4211.jpg\" ref=\"magnificPopupGrid\" title=\"DSC_4211\"><\/a>\r\n\t\t\t\t<div class=\"w-post-elm post_image usg_post_image_1 stretched\"><img width=\"300\" height=\"200\" src=\"https:\/\/dev.hotelesms.com\/ms-ciudad-jardin\/wp-content\/uploads\/sites\/3\/2017\/07\/DSC_4211-300x200.jpg\" class=\"attachment-medium size-medium\" alt=\"\" loading=\"lazy\" srcset=\"https:\/\/dev.hotelesms.com\/ms-ciudad-jardin\/wp-content\/uploads\/sites\/3\/2017\/07\/DSC_4211-300x200.jpg 300w, https:\/\/dev.hotelesms.com\/ms-ciudad-jardin\/wp-content\/uploads\/sites\/3\/2017\/07\/DSC_4211-768x511.jpg 768w, https:\/\/dev.hotelesms.com\/ms-ciudad-jardin\/wp-content\/uploads\/sites\/3\/2017\/07\/DSC_4211.jpg 800w\" sizes=\"(max-width: 300px) 100vw, 300px\" \/><\/div>\t<\/div>\r\n<\/article>\r\n<article class=\"w-grid-item ratio_1x1 post-420 attachment type-attachment status-inherit hentry\" data-id=\"420\">\r\n\t<div class=\"w-grid-item-h\">\r\n\t\t\t\t\t<a class=\"w-grid-item-anchor\" href=\"https:\/\/dev.hotelesms.com\/ms-ciudad-jardin\/wp-content\/uploads\/sites\/3\/2017\/07\/DSC_7506.jpg\" ref=\"magnificPopupGrid\" title=\"DSC_7506\"><\/a>\r\n\t\t\t\t<div class=\"w-post-elm post_image usg_post_image_1 stretched\"><img width=\"300\" height=\"200\" src=\"https:\/\/dev.hotelesms.com\/ms-ciudad-jardin\/wp-content\/uploads\/sites\/3\/2017\/07\/DSC_7506-300x200.jpg\" class=\"attachment-medium size-medium\" alt=\"\" loading=\"lazy\" srcset=\"https:\/\/dev.hotelesms.com\/ms-ciudad-jardin\/wp-content\/uploads\/sites\/3\/2017\/07\/DSC_7506-300x200.jpg 300w, https:\/\/dev.hotelesms.com\/ms-ciudad-jardin\/wp-content\/uploads\/sites\/3\/2017\/07\/DSC_7506-768x511.jpg 768w, https:\/\/dev.hotelesms.com\/ms-ciudad-jardin\/wp-content\/uploads\/sites\/3\/2017\/07\/DSC_7506.jpg 800w\" sizes=\"(max-width: 300px) 100vw, 300px\" \/><\/div>\t<\/div>\r\n<\/article>\r\n<article class=\"w-grid-item ratio_1x1 post-426 attachment type-attachment status-inherit hentry\" data-id=\"426\">\r\n\t<div class=\"w-grid-item-h\">\r\n\t\t\t\t\t<a class=\"w-grid-item-anchor\" href=\"https:\/\/dev.hotelesms.com\/ms-ciudad-jardin\/wp-content\/uploads\/sites\/3\/2017\/07\/DSC_7570.jpg\" ref=\"magnificPopupGrid\" title=\"DSC_7570\"><\/a>\r\n\t\t\t\t<div class=\"w-post-elm post_image usg_post_image_1 stretched\"><img width=\"300\" height=\"200\" src=\"https:\/\/dev.hotelesms.com\/ms-ciudad-jardin\/wp-content\/uploads\/sites\/3\/2017\/07\/DSC_7570-300x200.jpg\" class=\"attachment-medium size-medium\" alt=\"\" loading=\"lazy\" srcset=\"https:\/\/dev.hotelesms.com\/ms-ciudad-jardin\/wp-content\/uploads\/sites\/3\/2017\/07\/DSC_7570-300x200.jpg 300w, https:\/\/dev.hotelesms.com\/ms-ciudad-jardin\/wp-content\/uploads\/sites\/3\/2017\/07\/DSC_7570-768x511.jpg 768w, https:\/\/dev.hotelesms.com\/ms-ciudad-jardin\/wp-content\/uploads\/sites\/3\/2017\/07\/DSC_7570.jpg 800w\" sizes=\"(max-width: 300px) 100vw, 300px\" \/><\/div>\t<\/div>\r\n<\/article>\r\n<article class=\"w-grid-item ratio_1x1 post-778 attachment type-attachment status-inherit hentry\" data-id=\"778\">\r\n\t<div class=\"w-grid-item-h\">\r\n\t\t\t\t\t<a class=\"w-grid-item-anchor\" href=\"https:\/\/dev.hotelesms.com\/ms-ciudad-jardin\/wp-content\/uploads\/sites\/3\/2017\/07\/Banner-Ciudad-JArdi\u0301n.jpg\" ref=\"magnificPopupGrid\" title=\"Banner-Ciudad-JArdi\u0301n\"><\/a>\r\n\t\t\t\t<div class=\"w-post-elm post_image usg_post_image_1 stretched\"><img width=\"300\" height=\"215\" src=\"https:\/\/dev.hotelesms.com\/ms-ciudad-jardin\/wp-content\/uploads\/sites\/3\/2017\/07\/Banner-Ciudad-JArdi\u0301n-300x215.jpg\" class=\"attachment-medium size-medium\" alt=\"\" loading=\"lazy\" srcset=\"https:\/\/dev.hotelesms.com\/ms-ciudad-jardin\/wp-content\/uploads\/sites\/3\/2017\/07\/Banner-Ciudad-JArdi\u0301n-300x215.jpg 300w, https:\/\/dev.hotelesms.com\/ms-ciudad-jardin\/wp-content\/uploads\/sites\/3\/2017\/07\/Banner-Ciudad-JArdi\u0301n-768x550.jpg 768w, https:\/\/dev.hotelesms.com\/ms-ciudad-jardin\/wp-content\/uploads\/sites\/3\/2017\/07\/Banner-Ciudad-JArdi\u0301n-1024x734.jpg 1024w, https:\/\/dev.hotelesms.com\/ms-ciudad-jardin\/wp-content\/uploads\/sites\/3\/2017\/07\/Banner-Ciudad-JArdi\u0301n.jpg 1200w\" sizes=\"(max-width: 300px) 100vw, 300px\" \/><\/div>\t<\/div>\r\n<\/article>\r\n<\/div>\t<div class=\"w-grid-json hidden\" onclick='return {&quot;ajax_url&quot;:&quot;https:\\\/\\\/dev.hotelesms.com\\\/ms-ciudad-jardin\\\/wp-admin\\\/admin-ajax.php&quot;,&quot;permalink_url&quot;:&quot;https:\\\/\\\/dev.hotelesms.com\\\/ms-ciudad-jardin\\\/banner-ciudad-jardin\\\/&quot;,&quot;action&quot;:&quot;us_ajax_grid&quot;,&quot;max_num_pages&quot;:1,&quot;infinite_scroll&quot;:0,&quot;template_vars&quot;:{&quot;query_args&quot;:{&quot;post_type&quot;:[&quot;attachment&quot;],&quot;post__in&quot;:[&quot;772&quot;,&quot;425&quot;,&quot;402&quot;,&quot;420&quot;,&quot;426&quot;,&quot;778&quot;],&quot;post_status&quot;:&quot;inherit&quot;,&quot;post_mime_type&quot;:&quot;image&quot;,&quot;orderby&quot;:{&quot;post__in&quot;:&quot;ASC&quot;},&quot;posts_per_page&quot;:999},&quot;post_id&quot;:942,&quot;us_grid_index&quot;:1,&quot;us_grid_ajax_index&quot;:1,&quot;exclude_items&quot;:&quot;none&quot;,&quot;items_offset&quot;:&quot;1&quot;,&quot;items_layout&quot;:&quot;gallery_default&quot;,&quot;type&quot;:&quot;masonry&quot;,&quot;columns&quot;:&quot;6&quot;,&quot;img_size&quot;:&quot;medium&quot;,&quot;overriding_link&quot;:&quot;popup_post_image&quot;}}'><\/div>\r\n<\/div><\/div><\/div><\/div><\/div><\/div><\/section><section class=\"l-section wpb_row height_medium with_img with_overlay\"><div class=\"l-section-img\" style=\"background-image: url(https:\/\/dev.hotelesms.com\/ms-ciudad-jardin\/wp-content\/uploads\/sites\/3\/2017\/07\/Fotolia_153142384_Subscription_Monthly_M.jpg);\" data-img-width=\"1688\" data-img-height=\"1125\"><\/div><div class=\"l-section-overlay\" style=\"background: rgba(0,0,0,0.54)\"><\/div><div class=\"l-section-h i-cf\"><div class=\"g-cols vc_row type_default valign_top\"><div class=\"vc_col-sm-4 wpb_column vc_column_container\"><div class=\"vc_column-inner\"><div class=\"wpb_wrapper\"><div class=\"w-separator size_medium\"><\/div><div class=\"w-pricing items_1\"><div class=\"w-pricing-item type_default\"><div class=\"w-pricing-item-h\"><div class=\"w-pricing-item-header\"><div class=\"w-pricing-item-title\">Plan Aniversario<\/div><div class=\"w-pricing-item-price\">$280.000<small>impuestos incluidos<\/small><\/div><\/div><div class=\"w-pricing-item-footer\"><a class=\"w-btn us-btn-style_3\" href=\"http:\/\/hotelesms.com\/ms-ciudad-jardin\/solicitud-de-cotizacion-de-planes\/\"><span class=\"w-btn-label\">RESERVA YA<\/span><\/a><\/div><\/div><\/div><\/div><div class=\"w-separator size_medium\"><\/div><\/div><\/div><\/div><div class=\"vc_col-sm-8 wpb_column vc_column_container\" style=\"color:#ffffff;\"><div class=\"vc_column-inner color_custom\"><div class=\"wpb_wrapper\"><div class=\"w-tabs style_default switch_click accordion title_atleft icon_chevron iconpos_right \"><div class=\"w-tabs-list items_2\"><div class=\"w-tabs-list-h\"><div class=\"w-tabs-item active defined-active with_icon\"><div class=\"w-tabs-item-h\"><i class=\"fas fa-heart\"><\/i><span class=\"w-tabs-item-title\">Incluye<\/span><\/div><\/div><div class=\"w-tabs-item with_icon\"><div class=\"w-tabs-item-h\"><i class=\"fas fa-exclamation-triangle\"><\/i><span class=\"w-tabs-item-title\">Condiciones<\/span><\/div><\/div><\/div><\/div><div class=\"w-tabs-sections\"><div class=\"w-tabs-sections-h\"><div class=\"w-tabs-section with_icon active\" id=\"1508457467491-05385077-9ed88e2c-d5ae\"><a href=\"#1508457467491-05385077-9ed88e2c-d5ae\" class=\"w-tabs-section-header\"><div class=\"w-tabs-section-header-h\"><i class=\"fas fa-heart\"><\/i><div class=\"w-tabs-section-title\">Incluye<\/div><div class=\"w-tabs-section-control\"><\/div><\/div><\/a><div class=\"w-tabs-section-content\"><div class=\"w-tabs-section-content-h i-cf\"><div class=\"g-cols wpb_row  type_default valign_top vc_inner \"><div class=\"vc_col-sm-6 wpb_column vc_column_container\"><div class=\"vc_column-inner\"><div class=\"wpb_wrapper\">\r\n\t<div class=\"wpb_text_column \">\r\n\t\t<div class=\"wpb_wrapper\">\r\n\t\t\t<p>\u2022 Alojamiento en habitaci\u00f3n est\u00e1ndar<br \/>\n\u2022 Desayuno tipo Buffet<br \/>\n\u2022 Bebida de Bienvenida<br \/>\n\u2022 Hasta 2 ni\u00f1os gratis menores de 12 a\u00f1os en la misma habitaci\u00f3n de sus padres.<br \/>\n\u2022 Acceso a zonas h\u00famedas del hotel<br \/>\n\u2022 IVA 19%<\/p>\n\r\n\t\t<\/div>\r\n\t<\/div>\r\n<\/div><\/div><\/div><div class=\"vc_col-sm-6 wpb_column vc_column_container\"><div class=\"vc_column-inner\"><div class=\"wpb_wrapper\"><div class=\"w-separator size_medium\"><\/div><\/div><\/div><\/div><\/div><\/div><\/div><\/div><div class=\"w-tabs-section with_icon\" id=\"1508457467645-a13124ab-2e718e2c-d5ae\"><a href=\"#1508457467645-a13124ab-2e718e2c-d5ae\" class=\"w-tabs-section-header\"><div class=\"w-tabs-section-header-h\"><i class=\"fas fa-exclamation-triangle\"><\/i><div class=\"w-tabs-section-title\">Condiciones<\/div><div class=\"w-tabs-section-control\"><\/div><\/div><\/a><div class=\"w-tabs-section-content\"><div class=\"w-tabs-section-content-h i-cf\">\r\n\t<div class=\"wpb_text_column \">\r\n\t\t<div class=\"wpb_wrapper\">\r\n\t\t\t<p><strong>No Incluye:<\/strong><\/p>\n<p>\u2022 Seguro Hotelero<br \/>\n\u2022 Gastos no especificados en el plan<\/p>\n<p><strong>Condiciones:<\/strong><\/p>\n<p>\u2022 Aplica para fines de semana (viernes a domingo)<br \/>\n\u2022 El plan debe encontrarse pago en su totalidad 24 horas antes del check-in<br \/>\n\u2022 Sujeto a disponibilidad del hotel<\/p>\n\r\n\t\t<\/div>\r\n\t<\/div>\r\n<\/div><\/div><\/div><\/div><\/div><\/div><\/div><\/div><\/div><div class=\"vc_col-sm-12 wpb_column vc_column_container\"><div class=\"vc_column-inner\"><div class=\"wpb_wrapper\"><div class=\"w-sharing type_outlined align_center color_default\" style=\"font-size:1.2rem;\"><div class=\"w-sharing-list\" data-sharing-url=\"https:\/\/dev.hotelesms.com\/ms-ciudad-jardin\/ms-ciudad-jardin\/wp-json\/wp\/v2\/pages\/942\" data-sharing-image=\"\"><a class=\"w-sharing-item email\" href=\"javascript:void(0)\" title=\"Env\u00edalo por mail\" aria-label=\"Env\u00edalo por mail\"><span class=\"w-sharing-icon\"><\/span><\/a><a class=\"w-sharing-item facebook\" href=\"javascript:void(0)\" title=\"Comparte esto\" aria-label=\"Comparte esto\"><span class=\"w-sharing-icon\"><\/span><\/a><a class=\"w-sharing-item twitter\" href=\"javascript:void(0)\" title=\"Twittear\" aria-label=\"Twittear\"><span class=\"w-sharing-icon\"><\/span><\/a><a class=\"w-sharing-item pinterest\" href=\"javascript:void(0)\" title=\"Pin\u00e9alo\" aria-label=\"Pin\u00e9alo\"><span class=\"w-sharing-icon\"><\/span><\/a><\/div><\/div><\/div><\/div><\/div><\/div><\/div><\/section>\n","protected":false},"excerpt":{"rendered":"","protected":false},"author":4,"featured_media":943,"parent":0,"menu_order":0,"comment_status":"closed","ping_status":"closed","template":"","meta":[],"_links":{"self":[{"href":"https:\/\/dev.hotelesms.com\/ms-ciudad-jardin\/wp-json\/wp\/v2\/pages\/942"}],"collection":[{"href":"https:\/\/dev.hotelesms.com\/ms-ciudad-jardin\/wp-json\/wp\/v2\/pages"}],"about":[{"href":"https:\/\/dev.hotelesms.com\/ms-ciudad-jardin\/wp-json\/wp\/v2\/types\/page"}],"author":[{"embeddable":true,"href":"https:\/\/dev.hotelesms.com\/ms-ciudad-jardin\/wp-json\/wp\/v2\/users\/4"}],"replies":[{"embeddable":true,"href":"https:\/\/dev.hotelesms.com\/ms-ciudad-jardin\/wp-json\/wp\/v2\/comments?post=942"}],"version-history":[{"count":7,"href":"https:\/\/dev.hotelesms.com\/ms-ciudad-jardin\/wp-json\/wp\/v2\/pages\/942\/revisions"}],"predecessor-version":[{"id":1134,"href":"https:\/\/dev.hotelesms.com\/ms-ciudad-jardin\/wp-json\/wp\/v2\/pages\/942\/revisions\/1134"}],"wp:featuredmedia":[{"embeddable":true,"href":"https:\/\/dev.hotelesms.com\/ms-ciudad-jardin\/wp-json\/wp\/v2\/media\/943"}],"wp:attachment":[{"href":"https:\/\/dev.hotelesms.com\/ms-ciudad-jardin\/wp-json\/wp\/v2\/media?parent=942"}],"curies":[{"name":"wp","href":"https:\/\/api.w.org\/{rel}","templated":true}]}}